 4*z - 5. Let w be l(-5). Suppose w = -v - u + 12, -3*v + 8*u - 3*u + 44 = 0. Is v composite?
False
Suppose 9*x - 8*x = 991. Is x a composite number?
False
Let k be -1 + -6 + 0 + 0. Let b = 5 + k. Let s(z) = 6*z**2 + 3*z + 1. Is s(b) prime?
True
Suppose -18*g + 4*g + 2198 = 0. Is g prime?
True
Let b be -2 - 1 - (2 + -248). Let s = -116 + b. Is s prime?
True
Let g be 10/8 + 3/(-12). Is g*(3/(-3) - -52) a composite number?
True
Suppose -3*i = -2*x + 1 - 5, 5*i - 3*x = 5. Let k = 12 + i. Let w = k - -15. Is w a prime number?
False
Suppose 1121 = k - 4*m, -2*m + 515 = k - 600. Is k a prime number?
True
Is (-5 - -1)*696/(-32) composite?
True
Let l(m) be the second derivative of m**4/12 - 3*m**2/2 + 3*m. Is l(-4) a prime number?
True
Let y(u) = -u**2 - 4*u + 1. Let l be y(-2). Suppose -l*j + 204 = -61. Is j a composite number?
False
Suppose 4*r = 6*r + 116. Let a = 81 + r. Is a a prime number?
True
Let d(r) = -r**2 + 4*r - 1 + 4*r - 6. Let f be d(6). Suppose -k = k - s - 26, 5*k - f*s = 55. Is k a prime number?
False
Suppose 8 + 2 = 5*g. Suppose -a = -g*a + 59. Is a a prime number?
True
Let k(z) = z**2. Let b be k(-4). Suppose 3*n = 4*c + b, 0 = 5*n - 9 - 11. Let f = c - -15. Is f prime?
False
Let x be 59 - -2*(-4 - -3). Let y = -20 + x. Is y a composite number?
False
Let q(l) = 4*l**2 + 8*l + 27. Is q(-6) composite?
True
Let n = 339 + -177. Let u = n - -895. Is u composite?
True
Let o(y) = -15*y**3 + 2*y**2 - 2*y + 5. Let u be o(-4). Suppose -603 = -3*q + 3*f, -q + 6*q - f - u = 0. Let v = q - 115. Is v a prime number?
False
Is 9/15 + 5016/15 prime?
False
Let x be 15*(-3)/6*-6. Suppose 15 = 4*a - x. Suppose -3*k = -a, 4*k = 3*g - 8 - 35. Is g a prime number?
False
Let l be 3*4/6 + -44. Let w = -99 - l. Let a = -38 - w. Is a prime?
True
Let s(g) = g + 1. Let w(o) = 2*o**2 + 1. Let n(r) = -2*s(r) + w(r). Let p be n(-1). Suppose q - 6*q = -a + 106, p*a - 258 = -5*q. Is a composite?
True
Let a(r) = -13*r - 1. Suppose -5*u - 2*s = -11, 2*s = 2*u - 6*u + 8. Suppose -2*v + u*v - t = -4, 16 = -4*v + 2*t. Is a(v) a composite number?
True
Suppose -4*x + 2*g + 21 = -5, -3*x = 3*g + 3. Suppose x*q = 5*q - 94. Let l = q + -15. Is l prime?
True
Let k(a) = 4*a + 0*a - 1 + 7. Is k(7) a composite number?
True
Suppose -5*q - 8 = -4*k, 3*k + q = 2*k - 7. Is (-2 - k)/(2/158) a composite number?
False
Suppose -3*m + k - 4 = 0, -2*m + 8 = 2*m + 2*k. Is -2 + (m - -749 - 4) prime?
True
Let n(s) = 5155*s**2 + 4*s + 4. Is n(-1) a prime number?
False
Suppose 2*y = 4*p - 22, -15 = -5*y + 2*p - 70. Let z = -5 - y. Is z a composite number?
True
Suppose 2*q = 2*w - 0*q - 112, -4*q + 56 = w. Let d = 183 - w. Is d composite?
False
Suppose 0 = -p + 2*p - 29. Suppose -2*j + 2*m + m + 20 = 0, 2*m - 12 = -5*j. Let u = j + p. Is u a prime number?
False
Let u(h) = -4*h + 6*h + 7 + 4*h. Is u(5) prime?
True
Let t(w) = w**3 + 11*w**2 - 5*w + 13. Suppose 4*l + 46 - 6 = 0. Is t(l) a composite number?
False
Let a be (-3 - -1)*(-18)/12. Suppose 4*b = -0*w - 2*w + 178, a*w = 5*b + 212. Is w a prime number?
True
Is (4 - (-2732)/4) + -2 prime?
False
Let n(k) be the first derivative of 9*k**2/2 + 3*k + 1. Let q(s) = -s - 3. Let z be q(-7). Is n(z) prime?
False
Let a(r) = 12*r - 15. Is a(3) prime?
False
Is (-5154)/(-4)*350/75 a composite number?
True
Is (-2 - 166/(-1)) + 3 composite?
False
Suppose -5163 + 1469 = -2*c. Is c a prime number?
True
Suppose c + 2333 = 2*c. Is c composite?
False
Let d = 147 + -62. Is d a prime number?
False
Suppose 0 = -5*h + n + 3*n + 70, 2*n = -h. Is h a composite number?
True
Let v be (5 + 0)*(-4)/(-10). Let t(x) = 14*x**3. Let b be t(1). Suppose v*p = 3*p - b. Is p a composite number?
True
Let r = -8 + -2. Is -46*(-3)/(-12)*r composite?
True
Let k(l) = -3 - 5 - 3*l - 2 + 8*l. Let p be 18*((-5)/(-2) + -2). Is k(p) composite?
True
Let s = 259 + -168. Suppose -5*m = -4*m - s. Is m composite?
True
Let x(b) = -b**2 - 4*b - 2. Let d be x(-4). Let k(c) = -c**2 + 8*c - 9. Let p be k(13). Is -2 + p/(0 + d) a prime number?
False
Suppose 4*i + i = 1595. Is i prime?
False
Let r(y) = y**2 + 4*y - 7. Is r(8) a composite number?
False
Let d(v) = 11*v - 13. Let i(g) = -11*g + 13. Let f(x) = 12*x - 14. Let h(p) = 4*f(p) + 5*i(p). Let b(u) = 5*d(u) + 8*h(u). Is b(0) composite?
False
Let t = -2 - -7. Let h(k) be the second derivative of k**3/6 + k**2 - k. Is h(t) composite?
False
Let k(t) = -11*t + 0 + 4*t + 2 - 18*t. Let j be k(-2). Suppose -2 = -4*g + 5*y + 34, j = 4*g - y. Is g prime?
False
Let v(x) = -2*x. Let t be v(-2). Suppose -2*u + 4 = 2, 0 = t*z + u - 221. Is z a prime number?
False
Suppose -2*m - 4*j - 331 + 3121 = 0, -3*j - 7027 = -5*m. Is m prime?
False
Suppose -1340 = -6*h + 2452. Suppose -x + 9*x - h = 0. Is x a prime number?
True
Suppose -288 = -3*w - 4*z, 3*z = -0*w - w + 101. Let v be -2 + w + 0 - 1. Let g = v - 36. Is g prime?
True
Let w = -474 + 1061. Is w a composite number?
False
Suppose 0 = -u - u + 8. Suppose -p - u*p = -170. Is p prime?
False
Suppose 3*s + 4*r - 1691 = 0, 0 = -4*s + r + 1210 + 1013. Is s prime?
True
Suppose -6*r - 420 = -r. Let u = r - -161. Is u a composite number?
True
Let o(d) = 5*d**2 - 6*d + 8. Is o(7) a prime number?
True
Let h be 4/8 + (-19)/2. Is 3*(-1 - 48/h) prime?
True
Let v(t) = 3*t**3 - 1. Let w be v(-1). Let b be (-14)/w*48/28. Suppose 5*x - b*q = -q + 175, x + 2*q - 23 = 0. Is x composite?
False
Let i(g) = 158*g + 3. Let v be i(5). Suppose -2*x + 4*x + 632 = 4*p, 0 = -5*p + x + v. Is p prime?
False
Let u(v) be the second derivative of -v**4/12 - v**3 + 7*v**2/2 - v. Let y be u(-8). Is ((-132)/y)/4*3 a composite number?
False
Let j = -12 - -17. Let a be (j/(-3))/(4/(-156)). Let b = a - 31. Is b a prime number?
False
Let r = -38 - -22. Suppose 17 = -3*s - 10. Let o = s - r. Is o composite?
False
Suppose 2731 = d + 3*z + z, 4*d = -2*z + 10882. Is d a prime number?
True
Let g(r) = -86*r + 13. Is g(-5) composite?
False
Let y = 7 + 12. Is y a prime number?
True
Let x(j) = -2*j**2 + 0*j**3 - 5 - 3*j - 3*j**2 - j**3. Let d be x(-4). Let f = 22 + d. Is f prime?
True
Let q = -8 + 12. Suppose -q*o + 85 = -187. Let x = o + -43. Is x prime?
False
Let s = 5 - -1. Let z(v) = 3*v**2 - 6*v - 7. Is z(s) composite?
True
Let y be (-7)/(-14)*904/2. Let u = -304 + 593. Suppose 0 = -3*b - v + y, -5*v - u = -3*b - 33. Is b prime?
False
Let m be 2 + (13 - (1 - 3)). Suppose 3*w - m + 5 = 0. Let j(n) = 4*n**2 + n - 1. Is j(w) a composite number?
False
Let w = 11 - 8. Suppose -8*t = -w*t - 250. Suppose 8*y - 3*y = -3*v + t, 4*v + 3*y = 52. Is v composite?
True
Suppose 427 = 3*j - 113. Suppose -y + j = -2*x + 25, x = 1. Is y a prime number?
True
Suppose -5*d + 0*d = 2*k + 64, -3*d = -3*k - 138. Let m = -11 - k. Is m prime?
True
Let b(z) = z + 1. Let s be b(0). Let p be 2 - 2 - -4 - s. Suppose -o = a - 74, -p*a - 2*a + o + 400 = 0. Is a a prime number?
True
Let f(t) = 3*t + 2. Let x be f(4). Let w = x + 9. Is w a prime number?
True
Let k(y) = y + 3*y + 1 - 6*y. Let o be k(-2). Suppose o*c + 3*w = 665, -6*w = -w. Is c a prime number?
False
Suppose -3*l = -l. Suppose -g - 3*g + 12 = l, -w + 4*g + 3 = 0. Is w a prime number?
False
Suppose -7*l + 4*l - 9 = 0. Is -1 + (l - -3*119) a prime number?
True
Let r(t) = t**2 - 5*t - 3. Let y be r(6). Suppose 0 = -y*w + w + 446. Is w composite?
False
Let l(z) = 18*z + 8 + 6 + 6 - 13. Is l(6) a composite number?
True
Suppose 0 = 4*b + 5*s - 0 + 3, -12 = 4*s. Suppose -27 = -4*p + b*v, 2*p + 2*v = -0*v + 10. Suppose n + 165 = p*n. Is n a prime number?
False
Let s(h) = -7*h + 2. Let v(u) = 14*u - 4. Let f(d) = 9*s(d) + 4*v(d). Is f(-5) composite?
False
Suppose 3*o = -m + 21, -2*m + 5*m - o - 63 = 0. Suppose 0 = -5*w - 2*k, 4*k = -3*w - 9 - 5. Suppose 0 = v + 2*h - 7, w*v - m = -v + 5*h. Is v prime?
True
Suppose 4*r = z, -r - 3*r = -2*z. Suppose r = -w + 70 - 9. Suppose 4*q + 5*m - w = 0, -2*q - 3*m + 50 = -7*m. Is q composite?
False
Let c(w) = w**2 - 3*w. Let o be c(4). Suppose -18 = -o*q - 6. Let l = 36 + q. Is l a composite number?
True
Let y = 190 + -33. Is y prime?
True
Is 2/((-4)/(-14))*(1 - -346) a prime number?
False
Suppose -x - 5*i + 246 = 3*x, 2*x + 4*i - 126 = 0. Is x prime?
True
Let x(u) = 3*u - 4. Is x(6) prime?
False
Suppose -4*s + 0*a + 5*a = 25, 5*a - 25 = 2*s. Suppose -5*q - 273 = -5*h + 147, 2*q - 3*h + 1